number?
False
Is 3989 prime?
True
Is 635 a prime number?
False
Is 1397 a prime number?
False
Is 93319 a composite number?
False
Is 79351 a composite number?
True
Is 7417 a prime number?
True
Is 11249 a composite number?
True
Is 374411 prime?
False
Is 760891 a prime number?
True
Is 308569 a composite number?
False
Is 20189 a composite number?
True
Is 373967 composite?
True
Is 374007 composite?
True
Is 32687 a composite number?
False
Is 12239 prime?
True
Is 42509 prime?
True
Is 11131 a prime number?
True
Is 917 composite?
True
Is 3137 composite?
False
Is 11199 prime?
False
Is 3587 prime?
False
Is 1649 a prime number?
False
Is 28381 prime?
False
Is 210523 a prime number?
True
Is 307909 prime?
False
Is 2557 a prime number?
True
Is 559777 a prime number?
True
Is 5767 composite?
True
Is 64499 a prime number?
True
Is 2095 a prime number?
False
Is 35831 prime?
True
Is 51383 prime?
True
Is 686365 composite?
True
Is 293341 a composite number?
True
Is 79571 a composite number?
True
Is 7057 prime?
True
Is 28879 a prime number?
True
Is 751481 a prime number?
True
Is 12251 a composite number?
False
Is 3659 composite?
False
Is 6041 a prime number?
False
Is 84283 a prime number?
False
Is 334237 composite?
True
Is 1577 a composite number?
True
Is 64969 a prime number?
True
Is 30491 composite?
False
Is 78197 a prime number?
False
Is 473197 prime?
True
Is 898081 a prime number?
False
Is 24501 prime?
False
Is 2921 composite?
True
Is 2611 a prime number?
False
Is 1499 a prime number?
True
Is 86061 a prime number?
False
Is 8779 a composite number?
False
Is 52219 composite?
True
Is 157 a prime number?
True
Is 13849 prime?
False
Is 6313 a prime number?
False
Is 831751 a composite number?
False
Is 16715 prime?
False
Is 1463667 composite?
True
Is 14963 prime?
False
Is 64231 prime?
True
Is 8977 a prime number?
False
Is 30829 composite?
False
Is 217619 a prime number?
True
Is 113717 composite?
False
Is 12821 a composite number?
False
Is 21559 a composite number?
False
Is 8413 prime?
False
Is 19661 composite?
False
Is 11127 a composite number?
True
Is 35339 a composite number?
False
Is 106207 composite?
False
Is 7381891 a composite number?
True
Is 18059 a composite number?
False
Is 31177 a prime number?
True
Is 23507 a composite number?
True
Is 2305 prime?
False
Is 537221 a composite number?
False
Is 186227 composite?
False
Is 75337 prime?
True
Is 12607 a composite number?
True
Is 32117 composite?
False
Is 1817 prime?
False
Is 257 composite?
False
Is 266971 a composite number?
False
Is 3377 a prime number?
False
Is 30409 a composite number?
True
Is 9601 a prime number?
True
Is 2719 a prime number?
True
Is 21687 a composite number?
True
Is 130903 a composite number?
True
Is 439646 composite?
True
Is 24317 a prime number?
True
Is 365174 prime?
False
Is 41113 a composite number?
False
Is 210583 a composite number?
True
Is 32639 a prime number?
False
Is 382 a prime number?
False
Is 6833 a prime number?
True
Is 1009 a prime number?
True
Is 1098101 prime?
True
Is 521641 a composite number?
False
Is 178951 composite?
False
Is 69653 composite?
False
Is 4463545 prime?
False
Is 58523 a prime number?
False
Is 222106 composite?
True
Is 7895 a composite number?
True
Is 384107 composite?
False
Is 2624953 a prime number?
False
Is 104421 a composite number?
True
Is 492383 composite?
True
Is 46723 prime?
True
Is 6259 composite?
True
Is 11147 prime?
False
Is 605371 a prime number?
False
Is 20831 a prime number?
False
Is 85759 prime?
False
Is 1781 prime?
False
Is 202718 composite?
True
Is 8665 prime?
False
Is 667979 a prime number?
False
Is 10663 a composite number?
False
Is 1259873 a composite number?
False
Is 350767 a prime number?
True
Is 262895 prime?
False
Is 30389 a composite number?
False
Is 895 composite?
True
Is 132746 a prime number?
False
Is 18169 composite?
False
Is 40249 a prime number?
False
Is 181549 composite?
False
Is 8009 prime?
True
Is 32183 composite?
False
Is 16045 composite?
True
Is 54269 a prime number?
True
Is 1943021 prime?
True
Is 19517 composite?
True
Is 244199 a composite number?
False
Is 1583237 a prime number?
False
Is 4171346 composite?
True
Is 26293 a composite number?
False
Is 8907 a prime number?
False
Is 94378 prime?
False
Is 22835 a composite number?
True
Is 575566 a composite number?
True
Is 12569 a prime number?
True
Is 18299 a composite number?
True
Is 31307 a prime number?
True
Is 308657 a prime number?
False
Is 935417 prime?
False
Is 2848171 composite?
False
Is 159085 composite?
True
Is 139439 a prime number?
True
Is 23557 composite?
False
Is 11213 a prime number?
True
Is 662 prime?
False
Is 1639 a prime number?
False
Is 83081 prime?
False
Is 50563 composite?
True
Is 8707 composite?
False
Is 106531 a composite number?
False
Is 20471 prime?
False
Is 62273 composite?
False
Is 81439 a prime number?
True
Is 21005 composite?
True
Is 354581 prime?
True
Is 15763 a composite number?
True
Is 7121 a prime number?
True
Is 11467 a prime number?
True
Is 919543 composite?
True
Is 33527 a composite number?
True
Is 20789 a prime number?
True
Is 2267 a prime number?
True
Is 10411 a composite number?
True
Is 20993 prime?
False
Is 1084953 a composite number?
True
Is 106637 a prime number?
True
Is 70931 composite?
True
Is 400321 prime?
True
Is 182233 a composite number?
False
Is 22739 a prime number?
True
Is 1225645 a prime number?
False
Is 129209 a composite number?
False
Is 279137 composite?
False
Is 5779 a composite number?
False
Is 23291 composite?
False
Is 6411 composite?
True
Is 6437 prime?
False
Is 1109021 composite?
False
Is 1759 a composite number?
False
Is 750203 a composite number?
False
Is 90101 composite?
True
Is 7639 a prime number?
True
Is 174047 composite?
False
Is 1352749 a prime number?
True
Is 318322 a composite number?
True
Is 25793 composite?
False
Is 859421 a composite number?
True
Is 35179 a prime number?
False
Is 331 prime?
True
Is 236669 a prime number?
False
Is 1931 prime?
True
Is 165391 prime?
True
Is 2365347 prime?
False
Is 4874 a composite number?
True
Is 99469 a composite number?
False
Is 38401 a composite number?
True
Is 5329 a composite number?
True
Is 25057 prime?
True
Is 187689 a composite number?
True
Is 20873 a prime number?
True
Is 77447 prime?
True
Is 10903 a prime number?
True
Is 1006989 prime?
False
Is 3223 a prime number?
False
Is 76303 prime?
True
Is 81717 a composite number?
True
Is 648007 composite?
False
Is 2161 prime?
True
Is 3991 composite?
True
Is 102743 prime?
False
Is 263639 a prime number?
False
Is 847759 composite?
True
Is 46433 composite?
True
Is 21467 composite?
False
Is 199761 a prime number?
False
Is 270815 composite?
True
Is 67699 composite?
False
Is 33247 a composite number?
False
Is 174367 a composite number?
False
Is 1073 a composite number?
True
Is 27679 composite?
True
Is 2062 composite?
True
Is 114685 prime?
False
Is 109049 prime?
True
Is 38345 prime?
False
Is 31543 a prime number?
True
Is 926741 prime?
True
Is 1008001 a prime number?
True
Is 13121 composite?
False
Is 22427 composite?
True
Is 17083 a composite number?
True
Is 10331 a composite number?
False
Is 44461 a composite number?
True
Is 162805 composite?
True
Is 15091 a prime number?
True
Is 650207 composite?
True
Is 239698 a prime number?
False
Is 290821 a prime number?
True
Is 11743 prime?
True
Is 1817 a composite number?
True
Is 10895 prime?
False
Is 3163 composite?
False
Is 4427711 a prime number?
True
Is 4073 a prime number?
True
Is 439409 prime?
True
Is 23789 composite?
False
Is 4699 a composite number?
True
Is 329489 prime?
True
Is 189757 a prime number?
True
Is 177439 a prime number?
False
Is 54887 a composite number?
True
Is 226351 a prime number?
False
Is 381 a prime number?
False
Is 781093 composite?
True
Is 1267 prime?
False
Is 117497 a composite number?
False
Is 3935 a composite number?
True
Is 29366 a prime number?
False
Is 777037 composite?
True
Is 198446 prime?
False
Is 1348987 prime?
True
Is 11159 a composite number?
False
Is 20047 a prime number?
True
Is 5483 a composite number?
False
Is 301255 a prime number?
False
Is 47221 a prime number?
True
Is 19697 composite?
False
Is 71543 prime?
False
Is 4181 composite?
True
Is 533999 a prime number?
True
Is 1027519 prime?
True
Is 5051 a prime number?
True
Is 106187 composite?
False
Is 8